{"id":51,"date":"2018-03-12T19:15:40","date_gmt":"2018-03-12T17:15:40","guid":{"rendered":"http:\/\/kirkkonummensoutajat.fi\/?page_id=51"},"modified":"2022-04-03T08:46:53","modified_gmt":"2022-04-03T06:46:53","slug":"veneiden-vuokraus","status":"publish","type":"page","link":"https:\/\/kirkkonummensoutajat.fi\/?page_id=51","title":{"rendered":"Veneiden vuokraus"},"content":{"rendered":"<p>Kirkkonummen soutajat vuokraa veneit\u00e4 j\u00e4senten ja my\u00f6s ulkopuolisten k\u00e4ytt\u00f6\u00f6n. Veneiden vuokrausasioita hoitaa Anders Wikholm, p. 050 3410171, <span class=\"emai\">anders@kluuvinkiinteistot.fi<\/span><\/p>\n<p><img loading=\"lazy\" decoding=\"async\" class=\"size-medium wp-image-52 aligncenter\" src=\"https:\/\/kirkkonummensoutajat.fi\/wp-content\/uploads\/2018\/03\/Kirkkonummen-soututapahtuma-2011-veneet-muokattu-300x199.jpg\" alt=\"\" width=\"300\" height=\"199\" srcset=\"https:\/\/kirkkonummensoutajat.fi\/wp-content\/uploads\/2018\/03\/Kirkkonummen-soututapahtuma-2011-veneet-muokattu-300x199.jpg 300w, https:\/\/kirkkonummensoutajat.fi\/wp-content\/uploads\/2018\/03\/Kirkkonummen-soututapahtuma-2011-veneet-muokattu-768x509.jpg 768w, https:\/\/kirkkonummensoutajat.fi\/wp-content\/uploads\/2018\/03\/Kirkkonummen-soututapahtuma-2011-veneet-muokattu-1024x679.jpg 1024w, https:\/\/kirkkonummensoutajat.fi\/wp-content\/uploads\/2018\/03\/Kirkkonummen-soututapahtuma-2011-veneet-muokattu.jpg 2048w\" sizes=\"auto, (max-width: 300px) 100vw, 300px\" \/><\/p>\n","protected":false},"excerpt":{"rendered":"<p>Kirkkonummen soutajat vuokraa veneit\u00e4 j\u00e4senten ja my\u00f6s ulkopuolisten k\u00e4ytt\u00f6\u00f6n. Veneiden vuokrausasioita hoitaa Anders Wikholm, p. 050 3410171, anders@kluuvinkiinteistot.fi<\/p>\n","protected":false},"author":1,"featured_media":0,"parent":0,"menu_order":6,"comment_status":"closed","ping_status":"closed","template":"","meta":{"footnotes":""},"tags":[],"class_list":["post-51","page","type-page","status-publish","hentry","without-featured-image"],"jetpack_sharing_enabled":true,"_links":{"self":[{"href":"https:\/\/kirkkonummensoutajat.fi\/index.php?rest_route=\/wp\/v2\/pages\/51","targetHints":{"allow":["GET"]}}],"collection":[{"href":"https:\/\/kirkkonummensoutajat.fi\/index.php?rest_route=\/wp\/v2\/pages"}],"about":[{"href":"https:\/\/kirkkonummensoutajat.fi\/index.php?rest_route=\/wp\/v2\/types\/page"}],"author":[{"embeddable":true,"href":"https:\/\/kirkkonummensoutajat.fi\/index.php?rest_route=\/wp\/v2\/users\/1"}],"replies":[{"embeddable":true,"href":"https:\/\/kirkkonummensoutajat.fi\/index.php?rest_route=%2Fwp%2Fv2%2Fcomments&post=51"}],"version-history":[{"count":2,"href":"https:\/\/kirkkonummensoutajat.fi\/index.php?rest_route=\/wp\/v2\/pages\/51\/revisions"}],"predecessor-version":[{"id":379,"href":"https:\/\/kirkkonummensoutajat.fi\/index.php?rest_route=\/wp\/v2\/pages\/51\/revisions\/379"}],"wp:attachment":[{"href":"https:\/\/kirkkonummensoutajat.fi\/index.php?rest_route=%2Fwp%2Fv2%2Fmedia&parent=51"}],"wp:term":[{"taxonomy":"post_tag","embeddable":true,"href":"https:\/\/kirkkonummensoutajat.fi\/index.php?rest_route=%2Fwp%2Fv2%2Ftags&post=51"}],"curies":[{"name":"wp","href":"https:\/\/api.w.org\/{rel}","templated":true}]}}